{"id":14,"date":"2025-10-26T21:17:56","date_gmt":"2025-10-26T20:17:56","guid":{"rendered":"https:\/\/example.com\/?page_id=3"},"modified":"2025-10-26T21:17:56","modified_gmt":"2025-10-26T20:17:56","slug":"o-mnie","status":"publish","type":"page","link":"https:\/\/maxal.maxal-it.pl\/index.php\/o-mnie\/","title":{"rendered":"O mnie"},"content":{"rendered":"\n\n<h2 class=\"wp-block-heading\">O mnie<\/h2>\n\n\n<p>Nazywam si\u0119 Dariusz \u201evon Dor\u201d Dudoj\u0107. Prowadz\u0119 firm\u0119 MAXAL IT i od lat wspieram biznes w Polsce w obszarze infrastruktury i bezpiecze\u0144stwa IT, szczeg\u00f3lnie w hotelarstwie.<\/p>\n\n\n<p>Specjalizacje: AD, Hyper\u2011V, FortiGate, Synology\/QNAP, MikroTik\/Aruba, segmentacja VLAN, backup i odtwarzanie.<\/p>\n\n        ","protected":false},"excerpt":{"rendered":"<p>O mnie Nazywam si\u0119 Dariusz \u201evon Dor\u201d Dudoj\u0107. Prowadz\u0119 firm\u0119 MAXAL IT i od lat wspieram biznes w Polsce w obszarze infrastruktury i bezpiecze\u0144stwa IT, szczeg\u00f3lnie w hotelarstwie. Specjalizacje: AD, Hyper\u2011V, FortiGate, Synology\/QNAP, MikroTik\/Aruba, segmentacja VLAN, backup i odtwarzanie.<\/p>\n","protected":false},"author":1,"featured_media":0,"parent":0,"menu_order":0,"comment_status":"closed","ping_status":"closed","template":"page-with-title","meta":{"footnotes":""},"class_list":["post-14","page","type-page","status-publish","hentry"],"_links":{"self":[{"href":"https:\/\/maxal.maxal-it.pl\/index.php\/wp-json\/wp\/v2\/pages\/14","targetHints":{"allow":["GET"]}}],"collection":[{"href":"https:\/\/maxal.maxal-it.pl\/index.php\/wp-json\/wp\/v2\/pages"}],"about":[{"href":"https:\/\/maxal.maxal-it.pl\/index.php\/wp-json\/wp\/v2\/types\/page"}],"author":[{"embeddable":true,"href":"https:\/\/maxal.maxal-it.pl\/index.php\/wp-json\/wp\/v2\/users\/1"}],"replies":[{"embeddable":true,"href":"https:\/\/maxal.maxal-it.pl\/index.php\/wp-json\/wp\/v2\/comments?post=14"}],"version-history":[{"count":0,"href":"https:\/\/maxal.maxal-it.pl\/index.php\/wp-json\/wp\/v2\/pages\/14\/revisions"}],"wp:attachment":[{"href":"https:\/\/maxal.maxal-it.pl\/index.php\/wp-json\/wp\/v2\/media?parent=14"}],"curies":[{"name":"wp","href":"https:\/\/api.w.org\/{rel}","templated":true}]}}